 q**3 + 18*q**2 - 21*q - 18. What are the prime factors of y(w)?
2, 5, 83
Let l be 4/10 + (-1 - (-477)/45). Suppose -16*t = -l*t - 24. List the prime factors of (4 - 3 - t) + 28.
5
Let r be (-39)/(-1)*(4 - 44/12). Suppose 17 = -2*c + r. List the prime factors of (64/(-28) - c) + (-510)/(-21).
2, 3
Let z(l) = 26*l**2 + 3*l - 4. Let r be z(3). Let p be ((-4256)/(-114))/(1/(-3)). Let c = p + r. List the prime factors of c.
127
Let h = 61181 - 17197. What are the prime factors of h?
2, 2749
Let c(l) = 3*l. Let q be c(0). Let w be (-306)/27*-1*(24 + q). List the prime factors of 63/28*w/6.
2, 3, 17
Let l = 17272 + 15233. What are the prime factors of l?
3, 5, 11, 197
Let k = 5717 + 68850. What are the prime factors of k?
74567
Let r = 2186 - 1470. Suppose r = 2*l + 110. List the prime factors of l.
3, 101
Suppose -42*x + 45*x - 5*s - 49602 = 0, -x - 2*s + 16523 = 0. What are the prime factors of x?
16529
Let o be 1*-19*(0 + -3). Let x be -4 + 0/(2/1) + 6. Suppose -o + 9 = -x*z. List the prime factors of z.
2, 3
List the prime factors of 12/((-60)/(-25)) + (-1 - -7059).
7, 1009
Suppose 0 = 16*w - 35*w. Suppose -8*c + 4*c + f = -871, w = 5*c + 2*f - 1079. List the prime factors of c.
7, 31
Let x(c) = 38*c**2 - 9*c + 71. What are the prime factors of x(14)?
7393
Let g(r) be the second derivative of -r**5/20 - 5*r**4/3 + 2*r**3 - 27*r**2 + r + 33. What are the prime factors of g(-23)?
3, 419
Suppose 3*i = -z + 496, -5*i + z + z + 845 = 0. Let f = 25 - -260. Let c = f - i. List the prime factors of c.
2, 59
Suppose 23258 + 2752 = 10*o. What are the prime factors of o?
3, 17
Suppose -4*z = 28, 136*k - 139*k = -3*z - 56241. What are the prime factors of k?
2, 5, 937
Suppose -4*k - 13 = -w, 2*k + 15 = -5*w - 8. Let n be (0 - w)*(-27 + -3)/(-3). What are the prime factors of -489*(-5)/n*2?
163
Suppose 15 = 3*h + 3. Suppose -h*c + c = -1293. List the prime factors of c.
431
Let i = -39 - -53. Suppose -9*z = -14*z. List the prime factors of 3 + i - (z - 2).
19
Let i = 22190 + -13751. List the prime factors of i.
3, 29, 97
Suppose -8*p + 68 = -4. Let w(j) = -26*j - 7*j + p*j - 1. List the prime factors of w(-3).
71
Suppose 0 = 5*m - w - 87029, 2*m - 5*m + 3*w = -52227. What are the prime factors of m?
5, 59
Suppose -2*w + 2*x = -6, -w + 6*x - 2*x + 12 = 0. Let c(f) = f + 8. Let t be c(11). Suppose -32 + 1 = -o - 4*i, w = -o - i + t. What are the prime factors of o?
3, 5
Suppose -2*o - 4*h = -458, 5*o + 27*h - 1145 = 31*h. Let q = o + -155. List the prime factors of q.
2, 37
Let k be (-1*56/6)/((-5)/15). Let u = k + -24. Suppose u*d - 190 = 78. What are the prime factors of d?
67
Let d = -7001 + 11718. List the prime factors of d.
53, 89
Suppose 4*w - 177*l - 62248 = -181*l, 3*w = -4*l + 46690. What are the prime factors of w?
2, 3, 2593
Let b = 75503 - 46843. What are the prime factors of b?
2, 5, 1433
Suppose -7*l - 451 + 4915 = -2886. What are the prime factors of l?
2, 3, 5, 7
Let c = 117 - 272. List the prime factors of (-1 + 1 - c) + (-8)/(-8).
2, 3, 13
Let x = -52222 - -78171. What are the prime factors of x?
7, 11, 337
Let q = -36856 + 64428. What are the prime factors of q?
2, 61, 113
Let t(j) = -22*j**3 + 143*j**2 - 5*j - 13. What are the prime factors of t(6)?
353
Let b(p) = 2*p**2 - 29*p + 60. Let r be b(12). Suppose -7*m + 708 + 811 = r. List the prime factors of m.
7, 31
Let m be ((-49)/245)/((-1)/(3*5)). Suppose 0 = -t - 0*t - 3*i + 1086, -m*t = -3*i - 3318. What are the prime factors of t?
3, 367
Let w(c) = 5*c**3 + 2*c**2 - 2*c + 2. Let j be w(2). Suppose 58*i = j*i + 3936. List the prime factors of i.
2, 41
Suppose -c - 2*w + 598 = 0, -2*c + 16*w - 11*w + 1187 = 0. Suppose 8*q - 740 = c. List the prime factors of q.
167
Suppose 0 = -4*x + 8*v + 119 - 783, 172 = -x + v. Let t be 276*1 - (2 - 1). Let m = x + t. What are the prime factors of m?
97
Suppose 4*j + 23*p - 26*p = 72010, 72006 = 4*j - p. What are the prime factors of j?
47, 383
Let j = -18485 - -65132. List the prime factors of j.
3, 71, 73
Suppose 0 = 59*n - 54*n - 730. Let x = n + -52. Let r = x - 83. List the prime factors of r.
11
Let u(g) = 12*g**2 + 19*g + 11. Let o be (12/(-20))/(10/100). What are the prime factors of u(o)?
7, 47
Let v be (-1 + (1 - 3))/(6/4). List the prime factors of 210/(v*2*2/(-12)).
3, 5, 7
Suppose -289*t + 217561 = -259*t - 338489. What are the prime factors of t?
5, 11, 337
Suppose -3*d = -0 - 21. Suppose 15*w - 1200 = d*w. List the prime factors of w.
2, 3, 5
Let u be (1/(-4)*9)/(84/1120). Let k be u/(-5)*3/(-2). Let s = k + 42. List the prime factors of s.
3, 11
Suppose 20 = 6*i - 2*i. Let d(y) = y**2 - 4*y - 7. Let m be d(i). List the prime factors of 3*11/m*(-2)/1.
3, 11
List the prime factors of (-26)/91 + (-124)/(-140) - 35177/(-5).
2, 1759
Let f = 1537 + -227. Suppose 4*d - 8*j - f = -5*j, -2*d + 646 = 3*j. List the prime factors of d.
2, 163
Suppose 0 = -7*n + 21 + 7. Let t(d) = 166*d - 2. List the prime factors of t(n).
2, 331
Let g = 41455 - 9236. What are the prime factors of g?
11, 29, 101
Suppose -14481*c - 163583 = -14488*c. What are the prime factors of c?
23369
Let w be 79/(-237) + 35/(-3). Let a(v) = -2*v**3 - 15*v**2 - 7*v - 22. What are the prime factors of a(w)?
2, 7, 97
What are the prime factors of (-180)/24*2 - -19529?
2, 11, 887
Let m = 269 - 129. Let c = -129 + m. What are the prime factors of c?
11
Suppose 5*h + 2*f - 1194 = 0, h + f = 2*f + 243. Suppose 239*d = h*d - 1271. List the prime factors of d.
31, 41
Let p(u) be the first derivative of 38*u**3/3 + 9*u**2/2 + 30*u - 12. List the prime factors of p(-3).
3, 5, 23
Let x(a) = a**3 - 25*a**2 + 215*a - 51. List the prime factors of x(22).
7, 461
Suppose 3*b = -38*u + 34*u + 259870, 0 = 4*u + 4*b - 259868. List the prime factors of u.
64969
Let w(p) = 22*p**3 - 2*p**2 + p + 1. Let m be w(2). Let c be (-2)/8*-97 + -1 + 3/(-12). Let y = m - c. List the prime factors of y.
2, 37
Let f = 2087 + 1630. List the prime factors of f.
3, 7, 59
Let k = -110 + 112. Suppose -u = -5*i - 11 - 41, 48 = k*u + 4*i. List the prime factors of u.
2
Suppose 5*k = 13*k - 928. Suppose f = k + 185. What are the prime factors of f?
7, 43
Let d = -75 - -78. Suppose 1018 = d*g - 2*x, -x + 2451 = 5*g + 776. List the prime factors of g.
2, 3, 7
Suppose -5*v + 5*y + 24 = -1, 0 = -4*v - y + 5. Suppose 2*m - v = m. Let j = 13 + m. List the prime factors of j.
3, 5
Let h = -185 - 639. Let g = -99 - h. What are the prime factors of g?
5, 29
Let q(x) = -180*x**3 + 5*x**2 + 15*x + 2. List the prime factors of q(-3).
2, 11, 13, 17
List the prime factors of -1 + (3341 - (-15)/(-5)) + -8.
3329
Let x be ((0 - 0)/(4 + -1))/1. Suppose x = 10*b - 11653 + 1883. List the prime factors of b.
977
Suppose 3*h - g = -328, -3*h - 2*h - 552 = -3*g. Let d = h + 245. What are the prime factors of d?
137
Suppose 71712 + 2740 = 14*u. What are the prime factors of u?
2, 2659
Suppose -2*x = 143 - 373. Suppose -2*r = r + 231. Let j = x + r. What are the prime factors of j?
2, 19
Let v(k) = -27*k - 37. Suppose -15 + 5 = g. List the prime factors of v(g).
233
Let g(q) = -5*q**2 + 5*q + 22. Let y(h) = 9*h**2 - 10*h - 43. Let d(t) = 7*g(t) + 4*y(t). Let r = -136 + 148. What are the prime factors of d(r)?
2, 3, 11
Suppose 445*n + 5*s = 443*n + 20290, -4*n + s + 40602 = 0. What are the prime factors of n?
2, 5, 7, 29
Let i = 75 + -35. Let j = -32 + i. Suppose j*p - 1175 = 113. What are the prime factors of p?
7, 23
Let b(l) = l**2 + 23*l + 45. Let t be b(-21). Suppose 6*n + t - 9 = 0. What are the prime factors of (n + -5)/(10/(-8) + 1)?
2
Let m = 285 - 282. Suppose -12*u = -m*u - 6471. What are the prime factors of u?
719
Let h be (30/(-9))/((-4)/6)*11. Let a = h - 110. What are the prime factors of (12/(-15))/(1/a)?
2, 11
Let b(n) be the first derivative of -5*n**4/4 - n**3/3 - 8*n - 32. List the prime factors of b(-2).
2, 7
List the prime factors of 9253/((-3 - -2)/(-1)).
19, 487
Suppose -17 = u - 3*b + 2*b, 5*b - 45 = 3*u. What are the prime factors of (52/u + 2)/1*-405?
3
Suppose 0 = 11*d + 3*d - 10612. Suppose -9*u = -736 - d. Suppose -u + 504 = 2*w. What are the prime factors of w?
13
Suppose 0 = 123*u + 2398260 - 8103861. What are the prime factors of u?
11, 4217
Let x(f) = 3*f**2 + 15*f - 230. Let g(m) = -m**2 - 5*m + 77. Let a(